 y. Suppose 2*h = -d - 12, 0 = -5*h + d + 3*d - 56. Let s = -9 - h. Let m be g(s). Calculate the highest common factor of 12 and m.
12
Let n = -45 - -61. Suppose 0 = -n*d + 18*d - 54. Let k be ((-46)/4 + -2)*-22. Calculate the greatest common divisor of k and d.
27
Let s = 53 + -35. Suppose w = s - 6. Let d = w + -3. What is the greatest common divisor of 6 and d?
3
Let p = -17 - -20. Suppose -3 = p*h - 4*h. Suppose -2*v + 27 = -5*z, 2*v + h*z + 2*z = -23. Calculate the highest common factor of 8 and v.
1
Let j(r) = 14*r + 196. Let h be j(-13). Calculate the highest common divisor of 336 and h.
14
Suppose 0 = 3*f - 0*f - 6. Suppose 0 = f*z + 3*z - 5. Suppose -z = -l - 0. What is the highest common divisor of l and 7?
1
Suppose -207 = -5*b + 453. Suppose j = 2*s + 20, 7*s - 4*s - 47 = -2*j. What is the highest common factor of b and j?
22
Let j(s) = s**3 + 13*s**2 + 11*s - 10. Let d be j(-12). Let y be (10*d - 2) + -2. Let c = 54 - 30. What is the highest common factor of c and y?
8
Let c be (-518)/6 + 0 + (-32)/(-24). Let m be c/(-5) - (1 - -2). Calculate the greatest common divisor of m and 98.
14
Let z = 543 - 345. What is the highest common divisor of 264 and z?
66
Suppose -q = -4*c - 48, 3*c + q = 3*q - 36. Let x(b) = -b**2 - 11*b - 10. Let o be x(c). Let y = 43 + o. Calculate the highest common divisor of y and 14.
7
Suppose -7 = -3*u - 2*u + n, 0 = 5*u + n - 13. Suppose -252 = u*v - 6*v. Calculate the greatest common factor of 21 and v.
21
Let u(q) = -q**3 + 62*q**2 - 5*q + 364. Let x be u(62). Suppose 11 = 4*a - 37. Calculate the greatest common factor of x and a.
6
Let w be -18 + 30 + 4/2. Let r = 10 + w. Calculate the highest common factor of r and 12.
12
Let x = 133 + -133. Suppose x = 4*o - q - 333, 4*q + 41 = o - 31. What is the greatest common divisor of o and 24?
12
Let s = -315 + 175. Let b(p) = p**3 - 13*p**2 - 16*p + 21. Let a be b(15). Let o = s + a. What is the greatest common factor of o and 13?
13
Let l be 573/(-6) - 1/(-2). Let a be 3/9 + l/(-3). Let w be 13 - (-2 + (-3 - -2)). Calculate the highest common divisor of a and w.
16
Suppose 4*n = 9*n + 25, -3*t - 3*n + 39 = 0. Calculate the highest common factor of t and 99.
9
Let q = 46 - 4. Suppose -f - 5*f = -q. Calculate the greatest common divisor of f and 21.
7
Let h = 28 - -4. Suppose 3*f = -f + h. Let b be (-114)/(-304)*16*3/((-18)/(-8)). What is the greatest common factor of b and f?
8
Let g(o) = -7*o + 11. Let d be g(3). Let y = d + 19. What is the greatest common factor of y and 6?
3
Suppose 468 = 3*s + 5*d, 3*s - 3*d + 23 = 515. Suppose 3*r - 5*r = -5*c + 250, -s = -3*c - r. What is the greatest common divisor of c and 13?
13
Let f = -116 - -249. Let a = 4 - -15. What is the greatest common divisor of f and a?
19
Let x = -53 + 28. Let r = 36 + x. What is the highest common factor of r and 88?
11
Let a be 551 + 1 + (-15)/(-15). Calculate the greatest common divisor of a and 7.
7
Let c be (-6)/(-3)*-1 + -22. Let o = 24 + c. Suppose o = -2*r + w - 7 + 167, -3*r + 3*w + 237 = 0. Calculate the greatest common factor of 27 and r.
27
Suppose 0 = 3*b, -b - 17 = 5*j + 28. Let z(n) = n**2 + 2*n + 3*n - n. Let o be z(j). What is the greatest common factor of 18 and o?
9
Let g(l) = 9*l + 9. Let b be g(2). What is the greatest common factor of 99 and b?
9
Let w = 234 - -19. Let c be (2/(-6))/((-4)/276). What is the highest common divisor of w and c?
23
Suppose 18 = -2*x + x + 5*w, 0 = -2*x - w + 19. Let o(v) = -4*v + 29. Let g be o(x). What is the highest common divisor of 8 and g?
1
Suppose -17 = -2*h - 3*s, h - 2*s = 2 - 4. Let t(r) = -r**3 + 6*r**2 - 4*r + 5. Let w be t(h). Calculate the greatest common divisor of 14 and w.
7
Let l be -159*68/(-96) + (-15)/(-40). What is the greatest common divisor of 113 and l?
113
Let x(z) = -2*z - 9. Let o be x(-5). Suppose -2*r - o = -17. What is the greatest common factor of 40 and r?
8
Suppose 5*h + 8 - 78 = 0. Let m = -1 + h. What is the highest common divisor of 65 and m?
13
Let v be 2/4 + 10/4. Let m = -18 + 22. Let r be (2/m)/((0 + -1)/(-6)). Calculate the highest common divisor of v and r.
3
Suppose 3*j + 89 = 8*j + s, -5*j = -s - 81. What is the greatest common divisor of j and 1292?
17
Let a be 6/(-23 - -5)*-1044. Calculate the highest common divisor of a and 12.
12
Suppose -11 = -2*r - 3. Suppose -i - 5*l = 8, -2*l + 4 = -r*l. Suppose 129 = 5*g - 3*k, g - i*k - 23 = -0*g. Calculate the highest common divisor of 3 and g.
3
Let p = -260 - -536. What is the greatest common divisor of 12 and p?
12
Suppose -k - 3*s - 2*s = -223, -s + 203 = k. Suppose -r + 17 = -o, 3 - 24 = -r - 3*o. Calculate the greatest common factor of k and r.
18
Let z = 149 - 94. Calculate the greatest common divisor of z and 275.
55
Let k = 13 + 67. What is the greatest common divisor of k and 360?
40
Suppose 3*c = -y - c + 45, 2*c + 181 = 5*y. Let l = -103 + 133. Let f = y - l. What is the greatest common factor of 35 and f?
7
Let c(b) = 61*b - 38*b + 15 + 2. Let m be c(5). Calculate the highest common divisor of 12 and m.
12
Suppose 8*x - 165 = 13*x. Let f = -24 - x. Calculate the highest common factor of 6 and f.
3
Suppose -3*y = 4*l - 191, -6*l + 9*l = -3*y + 192. Suppose -5*f + 15 = -y. What is the greatest common factor of 4 and f?
4
Suppose 0 - 13 = u. Let w = -11 - u. Suppose -t + j = t, j - 4 = -w*t. Calculate the highest common factor of 11 and t.
1
Let t(l) = -13*l + 2*l**2 - 3 - 4*l**2 - 3. Let j be t(-6). Suppose 4*q - 669 - 51 = j. Calculate the greatest common divisor of 20 and q.
20
Suppose z = -1, -r - 4*z + 640 = r. Calculate the greatest common factor of 42 and r.
14
Let b be (-501 - -51)*(-2)/6. What is the highest common divisor of 30 and b?
30
Let n = -28 + 31. Suppose -y + 0*y + n = 0. Suppose -y*t + 17 = -4*k - 15, -4*t + 2*k = -56. Calculate the greatest common factor of t and 16.
16
Let b be 8*4/8 - (1 + 1). Let r be 10 - -468 - b/2. What is the highest common factor of 53 and r?
53
Suppose -3*j + j + 24 = 0. Let w(k) = 4*k - 28. Let r be w(j). Let g be -1 + 1 - -4*1. Calculate the highest common factor of g and r.
4
Suppose -3*f + 78 = 4*q - 191, 2*f = -4*q + 182. Let t = 101 - f. Calculate the highest common divisor of t and 35.
7
Let v = -750 - -838. Calculate the highest common factor of 22 and v.
22
Suppose 0*w - 118 = -2*w + 2*a, 3*w = 4*a + 176. Calculate the greatest common factor of w and 60.
60
Suppose 4*b + 4*a = 16, -a = -2*b + a - 12. Let l = 7 + b. Let s be (4/l)/(1/6). What is the greatest common divisor of 2 and s?
2
Let b be 1/3 - 82/(-6). Suppose 49*a = 45*a + 8. Let y be 3*(a - 1) + -1. Calculate the highest common divisor of b and y.
2
Let l = -56 + 99. Suppose l = 4*s - 85. Let h be (-66)/(-8) - (-2)/(-8). What is the highest common factor of h and s?
8
Suppose -2*u = 2*u - 8. Let p be ((-17)/u)/((-2)/4). Let a be (-82 - -14)*(-3)/4. Calculate the greatest common divisor of p and a.
17
Suppose 4*l = 62 + 274. Calculate the highest common factor of 140 and l.
28
Let k(f) = f**3 - f**2 - 6*f + 6. Let y(w) = -w**3 + 5*w**2 + 13*w + 10. Let b be y(7). Let q be k(b). Calculate the highest common factor of 4 and q.
2
Let k(p) = -70*p + 24. Let m be k(-16). What is the highest common factor of 176 and m?
88
Suppose -3*p - 115 = -409. Calculate the highest common factor of 14 and p.
14
Let d(i) = -11*i - 19. Let w(r) = -10*r - 5. Let v be w(0). Let x be d(v). Calculate the greatest common divisor of 324 and x.
36
Suppose -2*b - 2*a = -57 - 83, 2*b - 5*a - 140 = 0. Calculate the greatest common factor of b and 434.
14
Suppose 0 = p - t - 6, -p - p = 4*t + 18. Suppose -3*y = -4*y - 6. Let k be y/(-4) + (-10)/(-4). What is the highest common factor of p and k?
1
Suppose 2*l + 2 = 6. Suppose 3*n + n = -3*k + 146, 4*n = l*k - 64. What is the highest common divisor of 14 and k?
14
Let a(s) = -15*s + 1. Let m(o) = o**2 - 6*o + 2. Let n be m(6). Let u(g) = g - 4. Let x be u(n). Let v be a(x). What is the highest common divisor of 124 and v?
31
Let m = -1150 - -1218. What is the greatest common divisor of 527 and m?
17
Let d(w) = -w**3 - 10*w**2 - 3*w - 14. Let y be d(-10). Let f be 24/(-16)*y/(-3). Calculate the highest common divisor of 4 and f.
4
Suppose -10 = -3*d + p + 65, 2*d - 4*p - 60 = 0. Suppose -221*h = -267*h + 1